121121111
In base 2, what is 110001110001011001001110 - -10?
110001110001011001010000
In base 8, what is 265 + -7626?
-7341
In base 13, what is 91b259 + 3?
91b25c
In base 16, what is -158cb + e?
-158bd
In base 4, what is 1103 + -131312232?
-131311123
In base 15, what is -7c - 1a71b?
-1a798
In base 11, what is 28a12390 - -2?
28a12392
In base 4, what is 111311 + 12220?
130131
In base 3, what is 2010011212010211 + -2?
2010011212010202
In base 12, what is -74704b - 5?
-747054
In base 13, what is -17 + 213cb5?
213c9b
In base 13, what is 5 + 5ac270?
5ac275
In base 12, what is -328b2a4 + -6?
-328b2aa
In base 6, what is -1103125134 - -24?
-1103125110
In base 11, what is -35244 - -4?
-35240
In base 2, what is -1110 - 11101011010000000001?
-11101011010000001111
In base 14, what is 14 - b810b5?
-b810a1
In base 14, what is -2b41 + -2413?
-5154
In base 11, what is -228741 - -64?
-228688
In base 11, what is 1426179 + -15?
1426164
In base 9, what is 2731004 - 1?
2731003
In base 13, what is c7a56b7 + 3?
c7a56ba
In base 2, what is 110011000010001010101111 - 10001?
110011000010001010011110
In base 4, what is -12 - 12113233021211?
-12113233021223
In base 7, what is -143025641 + -4?
-143025645
In base 15, what is 54206e + 26?
542095
In base 12, what is 854 + -b76ba?
-b6a66
In base 16, what is -1 + -11cb73a7?
-11cb73a8
In base 7, what is 133522 - -1624?
135446
In base 3, what is 0 + -102112201120102?
-102112201120102
In base 4, what is 1 + -10330131003?
-10330131002
In base 13, what is 68 - 656c4?
-65659
In base 7, what is -301335 + 1115?
-300220
In base 8, what is -202535 - 257?
-203014
In base 13, what is -573b + 1c?
-571c
In base 4, what is 122 - -1023131332?
1023132120
In base 9, what is -53 - 21033580?
-21033643
In base 15, what is -c + 203693?
203686
In base 10, what is 4120605 + -98?
4120507
In base 11, what is -25a583032 - 4?
-25a583036
In base 2, what is 1001001111100 - -11100010000?
1100110001100
In base 6, what is -3531 - -211041?
203110
In base 6, what is 1333414 + 31352?
1405210
In base 14, what is b799bcd + 0?
b799bcd
In base 16, what is 34 - 32f67?
-32f33
In base 14, what is 12d9282a + 3?
12d9282d
In base 6, what is 5 + -210433320?
-210433311
In base 10, what is 16 - 4162337?
-4162321
In base 16, what is 9f + -29f66?
-29ec7
In base 11, what is -8a9515 + 9?
-8a9507
In base 6, what is -155541250 + 1015?
-155540231
In base 11, what is 2578a + -2262?
23528
In base 2, what is 101011010 + -10011100001010011100?
-10011100000101000010
In base 14, what is -40499 + -b9?
-40574
In base 11, what is 24 - 72a531?
-72a508
In base 9, what is 3 - -257677?
257681
In base 9, what is 81524381 + 11?
81524402
In base 14, what is -3c7 + 91ba?
8bd3
In base 16, what is -a5e - -d130?
c6d2
In base 9, what is -2 + -44233874?
-44233876
In base 16, what is -4102 + -2d43?
-6e45
In base 7, what is -6561 + 16335?
6444
In base 7, what is -2126233 + -15?
-2126251
In base 12, what is 0 - -972ab?
972ab
In base 10, what is 4 - -16223185?
16223189
In base 16, what is 2a - -51462?
5148c
In base 4, what is 120101300101 - -11?
120101300112
In base 12, what is a820 - 814?
a008
In base 10, what is -3 + 45701132?
45701129
In base 15, what is 1ed6 + -94b6?
-74d0
In base 4, what is 1323203321030 + 0?
1323203321030
In base 4, what is -11032002101100 - -2?
-11032002101032
In base 5, what is -20314 - 1033124?
-1103443
In base 6, what is -1355032 - 24?
-1355100
In base 9, what is 3146575 + -1?
3146574
In base 9, what is -2 - -1534453?
1534451
In base 6, what is -121022 + -313532?
-434554
In base 4, what is 21031111 + -3212?
21021233
In base 10, what is 109 - 112893?
-112784
In base 14, what is -2 + 6db7?
6db5
In base 4, what is -3000200 - -301233?
-2032301
In base 13, what is 4a27b2 + -4?
4a27ab
In base 9, what is 43484606 + -5?
43484601
In base 6, what is 322115132 + -202?
322114530
In base 11, what is -211604 - 147?
-211750
In base 2, what is -10110 - -110101011000101000?
110101011000010010
In base 13, what is -13bc6a - -24?
-13bc46
In base 6, what is 34420033 + -11?
34420022
In base 15, what is b94e6 - -dd?
b95d4
In base 3, what is -211100120 - -1001022101?
12221211
In base 2, what is -11 - 1001101000100110100000?
-1001101000100110100011
In base 8, what is 2407331 - -11?
2407342
In base 16, what is 2 + -b4244d7?
-b4244d5
In base 3, what is 1120000221 - -200001?
1120200222
In base 15, what is -1 + -43ddd63?
-43ddd64
In base 3, what is 121021112112 + 2222?
121021122111
In base 9, what is 426 + -31561?
-31134
In base 14, what is 75 + -25985?
-25910
In base 9, what is -141 - -105553?
105412
In base 7, what is -2004115 - -223?
-2003562
In base 6, what is -222 + -450501?
-451123
In base 14, what is -3bb9 - -30094?
2a2b9
In base 9, what is -370 - -62481?
62111
In base 3, what is -2 + 21110011022020?
21110011022011
In base 6, what is -2412401 - 2303?
-2415104
In base 2, what is 111010001110110011 + -110000011001?
111001011110011010
In base 10, what is 7 + 2515961?
2515968
In base 4, what is -201103 - -22333?
-112110
In base 6, what is -22052102 - 15?
-22052121
In base 15, what is -14eac + -7?
-14eb4
In base 12, what is 295403 + -a?
2953b5
In base 3, what is 0 - -10220020220220220?
10220020220220220
In base 7, what is -3 + 4236522?
4236516
In base 6, what is -2 + -43012025?
-43012031
In base 3, what is -1002 + -102100022111211?
-102100022112220
In base 15, what is 1d98e1c - -5?
1d98e22
In base 5, what is -12204212211 + -102?
-12204212313
In base 13, what is -101327906 - 2?
-101327908
In base 16, what is -285c092 + -3?
-285c095
In base 11, what is aa84766 + -22?
aa84744
In base 4, what is -330313011 + 10132?
-330302213
In base 11, what is -487 - -970a?
9233
In base 6, what is 1120541112 - -4?
1120541120
In base 7, what is -1460614214 + 1?
-1460614213
In base 9, what is 888166876 + -1?
888166875
In base 16, what is -5b + -c0be?
-c119
In base 9, what is 2648 + 1720?
4468
In base 16, what is 1a06 - 6a?
199c
In base 10, what is 15 - 531617?
-531602
In base 5, what is -1220122134 + -323?
-1220123012
In base 13, what is 9822238 - 8?
9822230
In base 7, what is -1653 - 102216?
-104202
In base 8, what is -421 - -1533766?
1533345
In base 12, what is -1637 + 239?
-13ba
In base 4, what is 3210021102 - 131?
3210020311
In base 10, what is 1 + 97701626?
97701627
In base 5, what is 4303142 + -224?
4302413
In base 9, what is 113814 - -32?
113846
In base 13, what is -837a9 - 3b5?
-83b91
In base 12, what is 3b95ab1 - -9?
3b95aba
In base 5, what is 24141 - -434230?
1013421
In base 11, what is 263021 - 290?
262841
In base 4, what is -1032033220331 - -10?
-1032033220321
In base 4, what is -103311 - -10233?
-33012
In base 14, what is 1 + 9d648a?
9d648b
In base 15, what is -11 - -103ab8d?
103ab7c
In base 3, what is -10121100 + -1202121?
-12100221
In base 10, what is 47737 - 101?
47636
In base 4, what is -1 + -13230232001?
-13230232002
In base 2, what is 101000100100000111100110 + 1011?
101000100100000111110001
In base 7, what is -2 + 542000511?
542000506
In base 8, what is -127 - -65?
-42
In base 4, what is 2 - 103021020310310?
-103021020310302
In base 15, what is a29 - -160d?
2137
In base 7, what is 32501536 - 4?
32501532
In base 11, what is 17a631a77 + 5?
17a631a81
In base 6, what is -320 - -534525?
534205
In base 16, what is 132 + 12174?
122a6
In base 12, what is -2200b - 3a62?
-25a71
In base 2, what is 100000100001 - -10011000000100101?
10011100001000110
In base 10, what is 22 + -8835?
-8813
In base 7, what is 153032232 + -10?
153032222
In base 3, what is -210 + -2002201000122?
-2002201001102
In base 8, what is 525676050 + 13?
525676063
In base 4, what is -102201033 + 3202?
-102131231
In base 6, what is 44322 + -2425?
41453
In base 7, what is 2063 - 114042?
-111646
In base 14, what is 122 + 1ad356?
1ad478
In base 14, what is 5 - 6c05bb?
-6c05b6
In base 11, what is -6 - 15189?
-15194
In base 7, what is 4 - 145526630?
-145526623
In base 12, what is 30a719 - 58?
30a681
In base 14, what is -5 + -42bbca?
-42bbd1
In base 10, what is -78114882 + -2?
-78114884
In base 8, what is 442 + 15556?
16220
In base 6, what is -11151 - -15035?
3444
In base 12, what is 3689 - -12084?
15751
In base 5, what is -1 + -1102304244?
-1102304300
In base 7, what is -1345 - 2223466?
-2225144
In base 10, what is -458069 - -5?
-458064
In base 9, what i